48 = -26. Determine x(q).
29
Suppose -3*k - 2*f + 127 = -3*f, 2*f = 4*k - 170. Let r be ((-2)/7)/(-2*(-3)/k). Let z(x) = -1 + 5*x - 2*x**3 + x**3 - 3*x. What is z(r)?
3
Let n(w) = -w**2 + 43*w - 246. Let z be n(7). Let t(h) = -4*h - 1. Calculate t(z).
-25
Let p(d) = 2*d + 5. Suppose 5*m - n - 38 = n, 3*n = m - 18. Suppose -2*l - m = 6. Let a be (2/l)/(6/90). Determine p(a).
-5
Let n = 7 + -7. Suppose -4*m - 3*q = -q, -5*m - 5*q - 10 = 0. Let f(x) = x**3 + 4*x**m + 4 - 11*x**2 + 8*x**2. Determine f(n).
4
Let m(y) = 2*y + 5. Suppose 9 = -2*c + 19. Suppose 0*l = -3*l + k - 15, c*k - 19 = l. Give m(l).
-3
Let o(r) = -r**2 + 15. Let s be o(0). Suppose n = 4*n + 5*b - s, 0 = -2*n + 3*b + 10. Let i be (-10)/n*(-6)/(-4). Let k(m) = m**2 - 2*m - 4. What is k(i)?
11
Let x be (-4)/3*-3 + 4. Let a(m) be the third derivative of m**4/12 - 2*m**3 - 2*m**2 - 61*m. Calculate a(x).
4
Let z(n) = n**3 - 3*n**2 + n - 2. Let t(a) = a**3 - 4*a**2 - 3*a - 3. Suppose -m + 8 = 3. Let q be t(m). Suppose 8 + q = 5*o. Calculate z(o).
1
Let c(w) = w**3 - 2*w**2 + 4*w - 3. Let r be c(2). Suppose d - r*y - 16 = -y, -2*d + 17 = -3*y. Let k(p) = 3*p - 4 - 4*p + d. Determine k(3).
-3
Let g(j) = 0*j**3 - 5*j**3 + 2*j - 527*j**2 + 1 + 529*j**2. Let n be (-1*1)/(3/18). Let z be 2/n + 4/(-6). Calculate g(z).
6
Let k(a) = 52*a + 6. Let s(n) = 17*n + 2. Let v(m) = -5*k(m) + 16*s(m). Suppose -40*j + 35 = -45*j + 5*b, -b + 3 = j. Calculate v(j).
-22
Let g(j) = -6*j - 1. Let q(c) = -c**3 + 2*c + 6. Let d(s) = s**2 - s. Let y(v) = -4*d(v) + q(v). Let p be y(-5). What is g(p)?
-7
Let o(w) be the first derivative of -w**3/3 + w**2 - 4*w + 26. Determine o(4).
-12
Let c(f) = 0*f**3 + 9 + 11*f - f**3 - 2*f - 3*f - 5*f**2. Suppose 0 = 238*s - 241*s - 18. Calculate c(s).
9
Suppose -2*a - t = 5, -2*t = 5*a - 0*t + 12. Let s = -62 - -66. Let w(p) = -169 + s*p - 6*p + 166 - 6*p. Calculate w(a).
13
Let a(z) = 3*z - 2. Let l be a(2). Let q = l - 7. Let d(j) = -2 - 193*j + 387*j - 190*j. Determine d(q).
-14
Let d(a) = -a + 11. Let t be d(6). Suppose -5 + 35 = -t*o. Let l(c) be the second derivative of -c**4/12 - 4*c**3/3 - 2*c**2 + 27*c. Determine l(o).
8
Let o be 98/4 - 7/(-14). Suppose 4*s + 5 = o. Suppose 0 = -s*z + 2*p + 9, 2*z + 2*p = 3 - 5. Let t(x) = -13*x**3 + 2*x**2 - x. What is t(z)?
-12
Let d(s) = -2*s - 17. Suppose -19*x + 17*x = 5*k, -x = -3*k + 11. Calculate d(x).
-7
Let c(k) = 2*k**3 - 2*k**2 - 2*k. Let z be c(2). Let t(d) be the first derivative of -d**3/3 + 5*d**2/2 + 3*d + 3742. What is t(z)?
7
Let r(a) = 12*a - 1. Suppose -8*m + 2*m - 36 = 0. Let t be (-1 - -3)*3/m. What is r(t)?
-13
Let g(l) = -9 - 2*l**2 - 18*l**3 + l**3 + 18*l**3. Determine g(0).
-9
Let v be (2/3)/((-11)/(-33)) - -4. Let z(x) = -1 + v*x + 2 - 4*x + 0*x. Let r be (-1 - -1)/(-3) - -4. Give z(r).
9
Let l(p) be the first derivative of p**3/3 - 15*p**2/2 - 43*p + 635. Calculate l(18).
11
Suppose 1985*p + 30 = 1980*p. Let k(t) = -t + 3. Determine k(p).
9
Let r(p) = -p**3 - 6*p**2 + 2*p + 6. Let o be ((-3)/3)/(3 - (-376)/(-124)). Let a = -37 + o. Determine r(a).
-6
Let u(g) be the third derivative of -g**5/60 + 5*g**4/24 + 102*g**2. Let l be (1 + -11)*(-2)/4. Calculate u(l).
0
Let r(j) = -5*j + 6. Let h(d) = 14*d - 16. Let s(v) = -6*h(v) - 17*r(v). Determine s(7).
1
Let n(b) = -3*b + 3. Let t be (-25)/(-20) - (-2)/(-8). Suppose 0 = 5*i - t - 14. What is n(i)?
-6
Let t(d) = -2*d**3 - d**2 - 2. Let f be t(0). Let v(p) = -p**3 + 6*p**2 + p - 6. Let i(z) = 3*z**3 - 12*z**2 - 3*z + 12. Let m(x) = f*i(x) - 5*v(x). Give m(-6).
0
Let u(y) = y**2 - 5*y - 4. Suppose 3*j = -n + 13 - 0, -j - n = -1. What is u(j)?
2
Let b be (4 - (4 - 3))*4/(-3). Let t(l) = -3*l + 5. Calculate t(b).
17
Let m be (17 - (-2 + 6)) + -1. Let j(p) = -48*p - 42. Let s(y) = 17*y + 14. Let o(q) = -6*j(q) - 17*s(q). Determine o(m).
2
Suppose 89*f - 2175 = -56*f. Let j(u) = u**3 - 15*u**2 - u - 4. Give j(f).
-19
Let p(l) = l + l**2 + 1 + 6*l - 6 + 7. Calculate p(-6).
-4
Let r = -15 + 7. Let k be 1/(-3 - 20/r). Let j be 15*(k + 5/3). Let a(i) = i**2 + 3*i - 6. Determine a(j).
4
Suppose 3*r - 2*i = 3, -7 = -5*r + 3*i + i. Let p be 6 + r + -5 + 3. Let s(b) = p - 11 - 2*b + 5. Determine s(-4).
5
Suppose -31*i + 29*i - 3*o - 7 = 0, 0 = -4*o - 4. Let z(u) = -u**3 - 4*u - 3. Give z(i).
13
Let c = 847 + -847. Let w(r) be the second derivative of -4*r - 1/3*r**3 + c + 3*r**2. Give w(6).
-6
Let y(h) = -2*h + 29. Let t be (-5)/(-1) - -24*3/6. Determine y(t).
-5
Let r(c) = -c + 6. Let p be r(7). Let u be 4 + 2/p + 3. Let x(j) = 6*j - 5. Let f(g) = -5*g + 5. Let d(l) = 5*f(l) + 4*x(l). What is d(u)?
0
Let h(d) = d**3 + 4*d**2 - 5*d - 6. Let y(u) = -u**3 - 30*u**2 - 28*u + 23. Let b be y(-29). Give h(b).
-48
Let g(d) = -4*d - 2. Let z(c) = -1. Let w(f) = -g(f) - 4*z(f). Give w(-4).
-10
Let j(w) = 2*w - 6. Let g be j(8). Let u = g + -3. Let x(y) = -y**3 + 11. Let r(a) = -a**3 - a**2 + 12. Let o(m) = u*x(m) - 6*r(m). Determine o(6).
5
Suppose -9*g = -8 - 37. Let h(k) = k**3 + 4*k**2 - 3*k + 8. Let x(b) = -b**3 - 4*b**2 + 2*b - 7. Let s(p) = g*h(p) + 6*x(p). What is s(-4)?
10
Let j(v) be the second derivative of -v**4/12 + v**3 + v. Suppose -2*y - 16 = 5*i, 2*y - i = 2*i. Let l(s) = 2*s + 11. Let f be l(y). What is j(f)?
5
Let d = -2671 - -2660. Let s(z) = 13*z + 140. Determine s(d).
-3
Let u(s) be the third derivative of -s**6/360 + s**5/24 - s**4/12 + 5*s**3/3 + 18*s**2. Let h(r) be the first derivative of u(r). Determine h(5).
-2
Suppose -26 = -3*v - v - 5*c, -4*c = 5*v - 28. Suppose 0*t + t = 3. Let o(f) = 0*f**t + f**2 - v*f**3 + 2*f + 3*f**3. What is o(2)?
0
Let f(t) = t**3 - t**2 - 4*t - 1. Suppose 0*n - 1 = -3*n + 2*c, 4*n = -c + 16. Calculate f(n).
5
Let b(t) = -t**3 + 7*t**2 - 7*t - 4. Let u(r) = r**3 + r**2 + r - 8. Let v be u(2). Determine b(v).
-10
Let j(u) be the third derivative of -u**6/60 - u**5/20 + u**4/6 - u**3/6 + 2507*u**2. Let l be (4 + -3)/((-2)/6). Give j(l).
14
Suppose 34 = 4*v + 2*y, 8*v - 3*y - 30 = 5*v. Let h(z) = -6*z - 8 + v + 7 - z**2. Determine h(-7).
1
Let h(a) = -3*a + 3. Let y(r) = r**3 - 2*r**2 + r - 2. Let d be y(3). Let w = d - 4. Suppose 0 = -5*q + w + 4. Give h(q).
-3
Let w(b) be the first derivative of b**4/4 + b**3 - b**2/2 - b - 1. Suppose -6*y + 18 = -36. Suppose 4*p + 3 = -y. Calculate w(p).
2
Let m be ((-14)/(-4) - 4)*-6. Let w(d) be the third derivative of d**4/24 - d**3/3 - 2*d**2 + 14. What is w(m)?
1
Let x(y) = -6*y - 155 + 156 + 0*y. Give x(-1).
7
Let s(b) = -7*b**2 + b - 2. Let a(l) = 3*l**2 - l + 1. Let v = 3 - 1. Let j(g) = v*s(g) + 5*a(g). Let k = -14 + 17. What is j(k)?
1
Suppose 4*k = -2*v, 2*k - 3*k = 3. Let r(a) = -12*a - 53. Let p(h) = 2*h + 12. Let i(f) = 5*p(f) + r(f). Give i(v).
-5
Let w = 1572 - 1578. Let c(o) = -6*o - 42. Calculate c(w).
-6
Let k = -647 + 651. Let p(c) = c**3 - 4*c**2 - 7*c + 9. Determine p(k).
-19
Let s be (-2 - 8)/(-2)*-7. Let g = s + 29. Let c(t) = t**3 + 3*t**2 - 5*t + 4. Let p(h) = h**2. Let n(a) = -c(a) - 2*p(a). Give n(g).
2
Let p(v) = -2*v**2 + 14*v + 5. Let g be p(12). Let a = -112 - g. Let h(z) = z**3 - 1 - 3*z**2 - 3*z + 2 + 2*z**2. What is h(a)?
10
Let d = -10 + 4. Let v(j) = -5*j**3 - 2*j - 12. Let b(u) = -2*u**3 + 3*u**2 + u - 2. Let o(c) = -2*b(c) + v(c). What is o(d)?
16
Let x(i) = -5*i**2 - 5*i + 2. Let w(p) = 11*p**2 + 11*p - 4. Let u be -3*2/(-18) - (-56)/(-6). Let t(k) = u*x(k) - 4*w(k). Give t(-3).
4
Suppose 0*o + 3*o + i = -14, 9 = 2*o - 3*i. Let t be (-4 - 3/o) + -4. Let k be t*(-3 + (-15)/(-7)). Let s(j) = j**2 - 5*j + 3. Determine s(k).
9
Let z(i) = -i**3 + 3*i - 3. Let t = -107 - -106. Let o be (2/4)/((-6)/(-12)) - t. Determine z(o).
-5
Let y(a) be the first derivative of -a**2 + 3*a - 9. Let x(f) = -3*f + 4. Let q(b) = 3*x(b) - 4*y(b). What is q(5)?
-5
Let g be (1 - -9)*(-4)/(-24 + 4). Let d(l) = l**2 + l - 6. Give d(g).
0
Let o(d) be the second derivative of 0*d**2 - 1/120*d**5 + 0*d**3 - 1/360*d**6 + 3*d - 5/12*d**4 + 0. Let s(p) be the third derivative of o(p). What is s(2)?
-5
Let c(b) be the second derivative of -b**8/6720 + b**7/315 + b**6/360 - b**5/40 - 5*b**4/4 - b. Let a(u) be the third derivative of c(u). What is a(8)?
13
Let t(s) = s**2 + 14*s + 25. Let k(f) = -3*f**2 - 49*f - 76. Let i(o) = 2*k(o) + 7*t(o). Suppose -5*l + 20 = x, 0 = 2*x + 3*l - 16 +